t d be j(4). Let u be (d - -4)*21 - 0. What is the greatest common divisor of u and 14?
7
Let i = -19 + 38. Let f(u) = 152*u**3 + u - 1. Let g be f(1). What is the highest common divisor of i and g?
19
Suppose g = 1, d + 89 = 4*d - g. Calculate the greatest common divisor of 75 and d.
15
Suppose 2*p + 830 = 4*j, 0 = -2*j + 4*p + 384 + 28. Suppose -a = 3 - 6, j = 4*l - 4*a. What is the greatest common divisor of 5 and l?
5
Let o = 0 - 0. Let j be (o - -1)*(55 + -3). Let s(z) = -z**2 - z + 13. Let f be s(0). Calculate the highest common divisor of f and j.
13
Let p be -31*(1 + (-2)/1). Calculate the highest common factor of 155 and p.
31
Suppose -7*s + 3*s - 2*x + 22 = 0, s - 13 = -3*x. Calculate the greatest common factor of 44 and s.
4
Let j be -3 + 6 - 14/(-2). Suppose 25 = -3*b + 175. Calculate the greatest common divisor of b and j.
10
Let t = -4 - -26. What is the highest common factor of t and 55?
11
Let c = 65 + -62. Calculate the highest common divisor of 2 and c.
1
Let v = 10 + -4. Let j(l) = 11*l - 6. Let d be j(5). Let c = d + -31. What is the greatest common factor of v and c?
6
Suppose 13 - 58 = -3*q. Let g be 1347/q - 1/(-5). Let b be 12 - (1 + (-2)/(-2)). What is the greatest common factor of g and b?
10
Suppose -140 = 4*r + 3*f, 2*r - 104 = 5*r + 2*f. Let j = -16 - r. Calculate the greatest common factor of 128 and j.
16
Suppose 23*w = 20*w + 432. What is the highest common divisor of 16 and w?
16
Suppose 2*v - 329 = -r, 218 = v + 3*r + 56. Let s be (6/(-5))/((-11)/v). Calculate the greatest common factor of s and 9.
9
Let k = -25 - -67. Suppose -6*c + 16 = -4*c. Suppose -x + c + 18 = 4*l, -2*x - 8 = -4*l. What is the highest common divisor of x and k?
6
Suppose 0 = t, 2*t = -4*g + t + 380. Suppose 6*h - 11*h + g = 0. Calculate the greatest common divisor of h and 95.
19
Suppose -88 = -5*h + 302. Calculate the highest common factor of h and 13.
13
Suppose -2*n + 5*n = 18. Let w be (-1)/(-3) + (-1)/3. Suppose 0 = 2*l - q - 3*q - 22, 3*l + 5*q - 55 = w. What is the highest common factor of n and l?
3
Let b = -58 + 154. What is the highest common factor of b and 24?
24
Let k be 498/38 - (16/(-38))/(-4). What is the highest common factor of 52 and k?
13
Suppose -4*a + 67 = 3*v, 2*a - 29 = 5*v - 2. Suppose -5*w + 3 = -4*w. Suppose -w*f + 5 = -a. Calculate the greatest common factor of f and 1.
1
Let a = -4 + 7. Suppose -a*u + 4 = -5. Let r(y) = y**3 - 4*y**2 - 3*y - 7. Let j be r(5). What is the highest common factor of u and j?
3
Let l(n) = -25*n + 4. Let m be l(-6). Let a = -2 - -7. Let k be (7/(-3))/(a/(-30)). What is the highest common factor of k and m?
14
Let w be 6/4 + 3/(-2). Suppose 4*n + 240 - 716 = w. Calculate the highest common divisor of 17 and n.
17
Suppose -5*y - 95 = -905. Suppose -y = 6*j - 7*j. What is the highest common factor of 18 and j?
18
Let p(m) = -43*m**2 + m**3 + 21 + 43*m**2. Let n be p(0). What is the highest common factor of n and 168?
21
Let t(v) = -v**3 - 8*v**2 + 13*v + 2. Let x be t(-10). Calculate the highest common divisor of x and 24.
24
Let m = -14 + 20. Suppose 5*c + 64 = u, -4*u = -m*u + 5*c + 113. Calculate the greatest common divisor of u and 7.
7
Suppose -c - 7 = -32. Suppose -3*l = 2*l - c. Suppose 596 = l*n + 3*u, 4*u = -2*n + u + 233. Calculate the greatest common divisor of 11 and n.
11
Suppose -h + 48 = h + 2*b, -3*h = -5*b - 96. Suppose -5*m + 7 + 3 = 0. Suppose h = m*c - 53. Calculate the greatest common divisor of 8 and c.
8
Suppose -5*o - 25 = -7*l + 2*l, 0 = -2*l - 5*o + 3. Let a be -1*3/(-3)*10. Suppose -5*t = -a, 2 = -4*r + t + 16. What is the highest common factor of l and r?
4
Let n(g) = 8*g + 2. Let p be n(2). Suppose 2*u - 5*y = 137 + p, -75 = -u + 5*y. Calculate the greatest common factor of 20 and u.
20
Suppose 5*c + 0 + 8 = -i, 2*i + 4 = 2*c. Let p be c/3*0 + 4. Let s be (-344)/(-10) - p/10. Calculate the highest common divisor of s and 85.
17
Let x(f) = -f**3 - 4*f**2 + 18*f - 16. Let k be x(-7). Calculate the highest common factor of 40 and k.
5
Let t be ((-8)/(-10))/(30/1875). Calculate the highest common factor of 25 and t.
25
Let k(f) = -f**2 - 11*f - 4. Suppose 5*c = 5*t - 65, 36 = -0*c - 2*c + 4*t. Let q be k(c). Calculate the greatest common divisor of 100 and q.
20
Let m = 1050 + -483. What is the highest common divisor of m and 63?
63
Let j(o) = -o**3 - 11*o**2 - o + 9. Let y be j(-11). Calculate the greatest common factor of y and 50.
10
Let g = 81 + -41. Let k(r) = -r**3 - 5*r**2 + 11*r. Let w be k(-8). Suppose f + 52 = 3*f + 3*h, -w = -5*f - h. Calculate the greatest common factor of g and f.
20
Suppose 5*a - 876 - 360 = -2*z, -3*a + 740 = 2*z. Let v be 2/(-5) - a/(-20). What is the highest common factor of 108 and v?
12
Let x(t) = t**3 - 3*t**2 + t + 3. Let d be x(4). Suppose -5*b = -47 - d. Let j = -3 + 5. Calculate the greatest common divisor of b and j.
2
Let q = 66 + -21. Suppose 2*d - 1 = 9. Calculate the greatest common factor of d and q.
5
Suppose -d = -14 + 12. What is the highest common divisor of d and 16?
2
Let r(v) = 40*v + 16. Let s be r(10). Let q be 1/(-5) - s/(-80). What is the highest common factor of 50 and q?
5
Let y(r) = r**2 - 19*r - 4. Let u be y(21). What is the highest common factor of u and 266?
38
Suppose 0 + 2 = n. Suppose h - 7 = -f, -3*h + n*f = -9 - 2. What is the greatest common factor of h and 5?
5
Suppose -10 = -3*f + 11. Suppose -4*l - 424 = -4*b, 3*b = b + 5*l + 221. Suppose -5*u + b = -f. What is the highest common factor of 11 and u?
11
Suppose 5*o = 7 + 13. Suppose -22 + 4 = -3*m. Suppose 0 = v - o*n - 7, -4*v - 2*n + m*n + 40 = 0. Calculate the highest common divisor of 99 and v.
11
Let j be (3408/20)/6 + 4/(-10). Suppose -4*b + 42 = -14. What is the highest common divisor of b and j?
14
Suppose 2*j - 3*j + 38 = 0. What is the greatest common divisor of 57 and j?
19
Suppose -5*s - 2*w + 4 = -0*s, 2*s + 2*w + 2 = 0. Suppose -s*c + 67 = -13. What is the highest common factor of c and 16?
8
Suppose 5*s - 259 - 138 = 4*h, -s + 4*h + 89 = 0. What is the greatest common factor of 11 and s?
11
Suppose 4*p + 2 = -10, 5*p = -3*d - 60. Let m = 35 + d. Let b be 2 - 3 - 1 - -162. Calculate the highest common factor of m and b.
20
Let o(n) = 40*n**2 + 3*n - 6. Let z be o(2). Suppose 8*r - 13*r = -z. What is the highest common divisor of r and 48?
16
Suppose -4*l = 3*l - 84. What is the highest common factor of 12 and l?
12
Let d = 73 - 66. Calculate the greatest common factor of d and 14.
7
Suppose -8*y = -9*y + 12. What is the highest common factor of y and 6?
6
Let f = -10 - -16. Let s = 10 + -5. Let z = 9 - s. Calculate the highest common factor of f and z.
2
Suppose -4*q = p - 1586, q + p - 289 = 109. Calculate the greatest common factor of q and 66.
66
Suppose 5*o - 2*o = 900. Suppose d = -3*d + o. What is the highest common factor of d and 15?
15
Suppose -13 = -3*o + 4*r, 2*o - 5*o + 12 = -3*r. Let t be 3*(26/o + -1). Calculate the highest common factor of 46 and t.
23
Suppose 4*z = 0, -27 = -0*k - 3*k - 3*z. Calculate the greatest common factor of k and 6.
3
Let h be 14 - (-1 + 0/(-3)). Calculate the highest common divisor of h and 6.
3
Let s(g) = -g**3 - 4*g**2 + 2*g - 7. Let h be s(-5). Let o(d) = -d - 1. Let k be o(-2). Calculate the highest common divisor of k and h.
1
Let p be ((-128)/80)/((-54)/50 + 1). What is the greatest common factor of p and 50?
10
Suppose 0 = -3*y + 4*o + 13 + 11, -4*y = -5*o - 31. Suppose y*f - 66 = 398. What is the highest common factor of f and 29?
29
Let o(s) = -4*s - 12 + 2*s + 2*s - s + s**2. Let m be o(9). Calculate the highest common divisor of 24 and m.
12
Let w = 210 + -118. Calculate the highest common factor of 230 and w.
46
Let b be (-6)/(-27) - (-86)/18. Suppose 0 = -3*m + 9, 5*m + b - 18 = 2*v. Let y be ((-1)/v - 0) + 4. Calculate the highest common divisor of y and 27.
3
Let i(m) = m - 3. Let s be i(6). Let f be (1 - (s - 2))/(-1). Suppose 4*b - y + 30 = 5*b, f = -2*b + y + 54. Calculate the highest common divisor of b and 42.
14
Suppose -3*j - 11 = -2*b, 4*j - 3*b = -13 - 2. Let m(d) = -9*d - 4. Let y be m(j). Calculate the highest common factor of 23 and y.
23
Suppose 0 = 3*k - 12, -3*r - 32 = -5*r + 4*k. Calculate the greatest common factor of r and 168.
24
Let m be (1 - 4/